factors of p(12).
3, 5
Suppose 5*t - 7514 + 1838 = 2*f, 4534 = 4*t - 5*f. List the prime factors of t.
2, 71
Let b(x) = x**2 + 5*x - 6. Let s be b(-7). Let j = -4 + s. Suppose g + j = 0, 0*c - 2*g - 116 = -4*c. List the prime factors of c.
3
Let l = -14 + 86. Suppose -30 = -3*p + l. List the prime factors of p.
2, 17
Let b(v) = v**2 - 3*v + 4. Suppose 5*n = -3*t - 47, 0 = 5*n - 3*n - 4*t - 2. Let y be 8/3 + n/(-21). List the prime factors of b(y).
2
Let p(l) = 2*l**3 - 7*l**2 - 8*l + 12. What are the prime factors of p(10)?
2, 7, 11
Let l(w) = -2*w**2 + 6*w + 2 - 2*w - 1 + 5. Let h be l(4). What are the prime factors of 4/h - 5312/(-80)?
2, 3, 11
Let t(r) = 6*r**3 - 4*r + 30. What are the prime factors of t(6)?
2, 3, 7, 31
Let y = -756 - -1451. List the prime factors of y.
5, 139
Let p(b) = -5*b + 4*b + 10 - 4*b. What are the prime factors of p(-10)?
2, 3, 5
Suppose -2*i + 3*i = 118. Suppose g - i - 124 = -3*v, -g - 82 = -v. Suppose q - v = -2*q. List the prime factors of q.
3
Let s(b) = -6*b - 15. Let m(x) = -2*x - 5. Let k(q) = -8*m(q) + 3*s(q). Let d be k(-15). Suppose u = -d + 63. List the prime factors of u.
2, 19
Let s(h) = h**3 + 8*h**2 + 2*h + 12. Suppose 5*v + 38 = -4*g - 0*v, 0 = 5*v + 10. List the prime factors of s(g).
47
Let v be 3*(-1 + 0) + 23. Suppose 22*j - 186 = v*j. Suppose j = 4*f - g, -4 = -4*g + 8. What are the prime factors of f?
2, 3
Suppose 5*y = 10, -5*y = a - y - 1. Suppose -p - 9*h - 7 = -5*h, -5*p + h = 119. Let c = a - p. What are the prime factors of c?
2
Suppose 5782 - 304 = 6*s. What are the prime factors of s?
11, 83
Let b(t) = t**3 - 7*t**2 - 7*t - 6. Let z be b(8). Let n be ((-44)/(-8))/(3/6). Suppose 3*h - m = 26, z*h + 3*m = n + 21. List the prime factors of h.
2, 5
Suppose 5*w - w + 36 = 4*o, -3*o - 4*w = -20. Let g(v) = v**3 - 7*v**2 + 11. What are the prime factors of g(o)?
3, 5
Let b(z) = z**3 + 11*z**2 + 4. Let r be b(-11). Let n be (-1)/(-4) - (-15)/r. Suppose -55 = -n*g + 101. What are the prime factors of g?
3, 13
Suppose 42*m - 46*m = -2544. Suppose -3*o = -4*i + m, -4*o - 126 - 46 = -i. What are the prime factors of i?
2, 3, 13
Suppose 0 = 3*v + 16 - 22. Let r be 1 + 4/(-2) + 5. Suppose j - 19 = -r*f, v*j - 43 = -2*f - f. List the prime factors of j.
23
Let u be -6 + 9 - (-2 - (-4)/2). Suppose 2*g + 175 - 732 = -5*s, -2*s - u*g + 214 = 0. What are the prime factors of s?
113
Let m(u) = 20*u - 1. Let y be m(13). Let z = y + -159. Suppose 43 - 3 = r - s, -2*r = 2*s - z. What are the prime factors of r?
3, 5
Suppose u - 32 = -l, 3*l = 4*u + 51 + 38. Let d = 46 - l. List the prime factors of d.
3, 5
Let h(t) = -3*t**3 - 3*t**2 - 4*t - 1. Suppose -2 = 2*a + 4. Let c be h(a). Let v = -36 + c. What are the prime factors of v?
29
Suppose 6*d + 19*d = 43475. List the prime factors of d.
37, 47
Let w(b) = b**2 - 10*b + 12. Let m be w(9). What are the prime factors of (9 - -1)*-1*m/(-1)?
2, 3, 5
Suppose -5*w - 91 = -786. Suppose 3*p - w - 56 = 0. List the prime factors of p.
5, 13
Let y = 21 - 17. Suppose y*k - 3*u = 177 + 128, 4*k - 287 = -3*u. What are the prime factors of k?
2, 37
What are the prime factors of 4 + 13/(130/39610)?
5, 13, 61
Let t(m) = -m**3 - 12*m**2 + 5*m - 15. Let j be t(-12). What are the prime factors of -1 - -12*j/(-10)?
89
Let u be (-16)/(-120) + ((-5092)/15)/(-4). Let k = u - -33. List the prime factors of k.
2, 59
Let b(s) = 84*s - 69. Let q(g) = -41*g + 35. Let h(j) = -6*b(j) - 13*q(j). What are the prime factors of h(9)?
2, 5, 11
Let j(z) = z**3 - 9*z**2 - 26*z - 3. Suppose -42 = -7*f + 4*f - 2*v, 5*f + v - 63 = 0. List the prime factors of j(f).
3, 13
Let d = 1001 + 858. What are the prime factors of d?
11, 13
Let v = 5 + -1. Let s be 12/(4 - (-66)/(-12)). What are the prime factors of (v - 3)/((-2)/s)?
2
Let s(k) = -4*k**2 + 4*k + 2. Let q be s(-2). Let u = -16 - q. Let t(h) = h**2 - 5*h + 3. What are the prime factors of t(u)?
3
Let v(z) = 29*z**2 - 5*z. List the prime factors of v(-4).
2, 11
Let w = -5706 + 9032. List the prime factors of w.
2, 1663
Let p(c) = c**3 + 5*c**2 - 6*c - 6. Let n be p(-6). List the prime factors of (-86)/3*9/n.
43
Suppose -l - 278 = 2*g - 5*g, 3*g - 5*l - 286 = 0. Suppose g = -18*c + 20*c. What are the prime factors of c?
2, 23
Let b(j) = -j**3 + 5*j**2 - j - 2. Let w be b(2). Suppose 0 = -x + 4*z - w + 1, -5*x = -2*z - 19. Suppose -5*g + 40 = -x. List the prime factors of g.
3
Suppose -5*n + 21 = 6. Suppose 65 = n*w - 8*w. Let v = w - -16. What are the prime factors of v?
3
What are the prime factors of (12/(-4))/((-2)/342)?
3, 19
Suppose -2*l - 4*w + 11242 = 0, 3*l - 4*w - 4536 - 12327 = 0. List the prime factors of l.
7, 11, 73
Let m be (-3 - -7) + (-2)/1. Suppose p - 4*b = -1, -11 = -m*p - 3*b - 2*b. List the prime factors of 3 + (7 - (-1 + p)).
2
Suppose 5*q + 24 + 1 = 0, -4*q = 5*w - 1260. What are the prime factors of w/6 - 8/(-24)?
43
Let v = -16 - -12. Let u be -18*95*2/v. What are the prime factors of u/21 + 4/14?
41
Let y(n) = -15 + 2*n + 7*n**2 - 5*n - 6*n**2 - 2. List the prime factors of y(12).
7, 13
Let q(o) = -o**2 + o + 144. Let m be q(0). Let w(x) = x**3 - x**2 + 6*x - 5. Let y be w(6). Suppose -5*h + y = -m. List the prime factors of h.
71
List the prime factors of 4 + (11/(-1) - -3) - -245.
241
Suppose -23*a = -20*a - 15. Suppose 5*p - 5*m - 109 = 2*p, m = a*p - 211. List the prime factors of p.
43
Let x(s) = 6*s - 41. Let v(w) = -3*w + 21. Let t(g) = -13*v(g) - 6*x(g). List the prime factors of t(11).
2, 3
Let k be 63/2 + (-10)/20. Let l = 71 - k. What are the prime factors of l?
2, 5
Suppose 26*u - 29*u = 0. Let a(m) = -5*m + 38. What are the prime factors of a(u)?
2, 19
Suppose -3892 = -2*n - l, 3*n = -n - l + 7784. List the prime factors of n.
2, 7, 139
Let a(d) = d**2 + 9*d - 20. Let r(m) = -m - 1. Let y(f) = -a(f) + 4*r(f). Let b be y(-14). List the prime factors of 3*(8 + b + -4).
2, 3
What are the prime factors of (-10974)/(-22) + (0 - (-4)/22)?
499
Suppose 2 - 95 = -u. What are the prime factors of 1/(-6)*-2*u?
31
Let g = -252 - -399. Let v = g + -92. What are the prime factors of v?
5, 11
Suppose 0 = -2*h - 2, 4*h = 4*g + g - 139. Let n = -13 + g. What are the prime factors of n?
2, 7
Let v = 321 + -130. Let i = v - -18. What are the prime factors of i?
11, 19
List the prime factors of 4/2 + (309 - 3 - -6).
2, 157
Let j = 40 - 37. Let h = 141 - j. What are the prime factors of h?
2, 3, 23
List the prime factors of 717 - (-2 - -1)/(4/(-8)).
5, 11, 13
Let q(b) = 3*b**2 - 7*b - 14. Let p be q(8). Suppose 4*w - 122 - p = 0. List the prime factors of w.
61
Let y(c) = -7*c + 19. Let v be y(3). Let t(h) = 8*h**2 + 4*h + 7. List the prime factors of t(v).
31
Let y = 605 - 195. List the prime factors of y.
2, 5, 41
Let b be (1/(-1))/((-7)/63). Let n(s) = s**3 - 8*s**2 - 10*s + 5. Let l be n(b). List the prime factors of l*(-3)/12*45.
3, 5
Suppose -5*p + 37 = -3*n, -3*p - 3*n + 23 = -4. Suppose 0 = -4*i - 5*l + 327, p*l - 159 = -2*i + 7*l. What are the prime factors of i?
2, 3, 13
Let c = -117 - -89. List the prime factors of (2 - c) + -3*1.
3
Let y be (5/(15/(-6)))/(-2). Suppose 19 - 51 = -4*f. Suppose -17 = -5*q + f, -2*q + y = -a. What are the prime factors of a?
3
Suppose n + 5*o + 29 = 5*n, 4*n - 2*o - 26 = 0. Suppose -w + 116 = -n*f + 8*f, 5*w - 4*f - 510 = 0. What are the prime factors of w?
2, 53
Let x = -50 + 51. List the prime factors of 30/x + (-3)/(-6)*-4.
2, 7
Suppose 0 = 8*c - 11*c - 3. List the prime factors of -1 + (2 - c*266).
3, 89
Let i = 7762 + -3770. What are the prime factors of i?
2, 499
Suppose 3*i + 240 = -7*i. Let j = 61 - i. List the prime factors of j.
5, 17
Let h(a) = -a**3 + 562. What are the prime factors of h(0)?
2, 281
Let v(h) = -6*h - h + 56 - 76. List the prime factors of v(-10).
2, 5
Suppose -3*f + 348 = w + 4*w, w - 92 = 5*f. What are the prime factors of w?
2, 3
Suppose 65 = -4*b - 71. Let t = b + 36. Suppose t*y = -0*y + 132. List the prime factors of y.
2, 3, 11
Let w(r) = -14 - 14*r**2 + 5 - 19*r - 3 - r**3. What are the prime factors of w(-13)?
2, 3, 11
Let q(h) = 126*h**2 + 6*h - 6. Let v be q(1). Suppose 4*f + 3*i - v = 0, -60 = 2*f - 4*f - 3*i. What are the prime factors of f?
3, 11
Let a(s) = s**3 + 6*s**2 + 2. Let q be a(-6). What are the prime factors of 120/6 - 1*q?
2, 3
Le